{"id":720,"date":"2015-07-01T15:50:36","date_gmt":"2015-07-01T15:50:36","guid":{"rendered":"http:\/\/www.eleonorabernobich.it\/?page_id=720"},"modified":"2015-07-02T08:10:24","modified_gmt":"2015-07-02T08:10:24","slug":"informativa-cookies","status":"publish","type":"page","link":"http:\/\/www.eleonorabernobich.it\/?page_id=720","title":{"rendered":"Informativa Cookies"},"content":{"rendered":"<h3><strong>Cosa sono cookie, web beacon e tecnologie simili?<\/strong><\/h3>\n<p>Come la maggior parte dei siti, questo usa file di dati di piccole dimensioni che vengono salvati su computer, tablet o dispositivo mobile (indicati complessivamente come &#8220;dispositivo&#8221;) dell&#8217;utente per registrare determinati dati ogni volta che questi visita o interagisce con siti, servizi, applicazioni, messaggi e altri strumenti.<\/p>\n<p>I nomi e i tipi specifici di cookie, web beacon e altre tecnologie simili possono cambiare nel tempo. Per aiutare l&#8217;utente a capire meglio queste regole e l&#8217;uso di tali tecnologie da parte di questo sito, di seguito sono riportati alcuni termini con le relative definizioni.<\/p>\n<ul>\n<li><strong>Cookie<\/strong>: piccoli file di testo (formati in genere da lettere e numeri) che vengono salvati nella memoria del browser o del dispositivo dell&#8217;utente quando visita un sito o visualizza un messaggio. I cookie consentono a un sito di riconoscere un particolare dispositivo o browser. Esistono diversi tipi di cookie:\n<ol type=\"disc\">\n<li>I cookie di sessione scadono al termine della sessione del browser e consentono a questo sito di collegare le azioni dell&#8217;utente durante quella sessione specifica.<\/li>\n<li>I cookie permanenti rimangono invece memorizzati sul dispositivo dell&#8217;utente anche dopo il termine della sessione del browser e consentono di ricordarne le preferenze o le azioni all&#8217;interno di pi\u00f9 siti.<\/li>\n<li>I cookie proprietari vengono impostati dal sito che si sta visitando.<\/li>\n<li>I cookie di terze parti vengono impostati da un sito terzo diverso dal sito che si sta visitando.<\/li>\n<\/ol>\n<p>I cookie possono essere disattivati o rimossi usando gli strumenti disponibili nella maggior parte dei browser. Le preferenze relative ai cookie devono essere impostate separatamente per ciascun browser usato, poich\u00e9 ognuno di essi offre funzionalit\u00e0 e opzioni specifiche.<\/li>\n<li><strong>Web beacon<\/strong>: piccole immagini, anche note come &#8220;tag pixel&#8221; o &#8220;GIF trasparenti&#8221;, che questo sito pu\u00f2 includere nei propri siti, servizi, applicazioni, messaggi e strumenti. I web beacon possono essere usati per diversi scopi, tra cui misurare le prestazioni dei propri siti, monitorare il numero di visitatori e le modalit\u00e0 di navigazione al loro interno, calcolare quante email inviate vengono realmente aperte, monitorare l&#8217;efficacia della pubblicit\u00e0 o calcolare il numero di elementi, articoli o link effettivamente visualizzati.<\/li>\n<li><strong>Tecnologie simili per l&#8217;archiviazione di dati<\/strong>: tecnologie che archiviano dati nel browser o dispositivo usando oggetti condivisi a livello locale o archiviazione locale, quali cookie flash, cookie HTML 5 e altri metodi software per applicazioni web. Queste tecnologie funzionano in tutti i browser. In alcuni casi l&#8217;uso dell&#8217;archiviazione locale non pu\u00f2 essere pienamente gestito dai browser, ma richiede la gestione tramite strumenti specifici. Questo sito pu\u00f2 servirsi di simili tecnologie di archiviazione dati che permettano di garantire la sicurezza del conto dell&#8217;utente o per rilevare irregolarit\u00e0 nel comportamento ed evitare accessi non autorizzati al conto dell&#8217;utente o per valutare le prestazioni dei siti, servizi, applicazioni o altri strumenti. Questo sito non usa tali tecnologie di archiviazione dati per adattare la pubblicit\u00e0 nei propri siti e al di fuori di essi al profilo dell&#8217;utente.<\/li>\n<\/ul>\n<p>I termini &#8220;cookie&#8221; e &#8220;tecnologie simili&#8221; possono essere usati indistintamente in riferimento a tutte le tecnologie adoperate per archiviare dati nel browser o dispositivo dell&#8217;utente o alle tecnologie che raccolgono dati o che consentono di identificare l&#8217;utente nel modo sopra descritto.<\/p>\n<h3><strong>Scelta dell&#8217;utente e uso di cookie, web beacon e tecnologie simili da parte di questo sito<br \/>\n<\/strong><\/h3>\n<p>Determinate funzioni, servizi, applicazioni e strumenti del sito sono disponibili solo tramite l&#8217;uso di queste tecnologie. L&#8217;utente pu\u00f2 bloccare, eliminare o disabilitare queste tecnologie in qualunque momento se il proprio browser o dispositivo lo consente. Tuttavia, se non accetta cookie o altre tecnologie simili, potrebbe non riuscire a usare determinate funzioni, servizi, applicazioni o strumenti del sito. Potrebbe altres\u00ec dover immettere la password pi\u00f9 volte durante una stessa sessione. Per ulteriori informazioni su come bloccare, eliminare o disabilitare queste tecnologie, fare riferimento alla Guida in linea del browser, della funzionalit\u00e0 aggiuntiva, dell&#8217;applicazione o del dispositivo.<\/p>\n<p>In generale queste tecnologie consentono ai siti, servizi, applicazioni e altri strumenti di conservare dati importanti nel browser o dispositivo dell&#8217;utente e di consultarle successivamente. Non vengono usate per archiviare i dati personali dell&#8217;utente, ma per identificarlo sui server o sistemi interni. Se applicabile, cookie o altre tecnologie simili vengono protetti in modo che solo i provider di servizi autorizzati possano interpretarli assegnando loro un identificativo univoco destinato alla sola interpretazione da parte di questo sito. I dati personali dell&#8217;utente non vengono archiviati in cookie o altre tecnologie simili usate.<\/p>\n<p>Viene richiesto il consenso dell&#8217;utente all&#8217;uso di queste tecnologie di acquisizione e conservazione dei dati fornendogli una notifica automatica del loro uso e dandogli la possibilit\u00e0 di scegliere di disabilitarle, come descritto in precedenza.<\/p>\n<p>Gli usi di tali tecnologie rientrano nelle seguenti categorie generali:<\/p>\n<ol type=\"1\">\n<li><strong><em>Uso necessario dal punto di vista operativo.<\/em>\u00a0<\/strong>L&#8217;uso di cookie o altre tecnologie simili \u00e8 necessario per il funzionamento di siti, servizi, applicazioni e strumenti. Questo include tecnologie che consentono all&#8217;utente di accedere ai siti, servizi, applicazioni e strumenti richiesti per evitare attivit\u00e0 fraudolente e migliorare la sicurezza o che gli consentono di usare altre funzioni quali carrelli, ricerche salvate o funzioni simili.<\/li>\n<li><strong><em>Uso relativo alle prestazioni<\/em><\/strong>. Questo sito pu\u00f2 usare cookie o altre tecnologie simili che siano utili a valutare le prestazioni dei propri siti, applicazioni, servizi e strumenti nell&#8217;ambito delle attivit\u00e0 di analisi per capire in che modo i visitatori usano i siti o per migliorare i contenuti dei siti, le applicazioni, i servizi o gli strumenti.<\/li>\n<li><strong><em>Uso relativo alle funzionalit\u00e0<\/em><\/strong>. Questo sito pu\u00f2 usare cookie o altre tecnologie simili che consentono di offrire funzionalit\u00e0 avanzate durante l&#8217;accesso o l&#8217;uso dei siti, servizi, applicazioni o altri strumenti. Ci\u00f2 pu\u00f2 includere l&#8217;identificazione dell&#8217;utente quando accede ai siti o la memorizzazione di sue preferenze, interessi o articoli gi\u00e0 visualizzati per permettere una migliore presentazione dei contenuti dei siti.<\/li>\n<li><strong><em>Uso relativo a pubblicit\u00e0 o personalizzazione dei contenuti<\/em><\/strong>. Questo sito pu\u00f2 usare cookie e web beacon proprietari o di terze parti per offrire contenuti, incluse pubblicit\u00e0 rilevanti per gli interessi dell&#8217;Utente, sui propri siti o su siti terzi. Ci\u00f2 include l&#8217;uso di tecnologie per meglio capire l&#8217;utilit\u00e0 delle pubblicit\u00e0 e dei contenuti proposti all&#8217;utente.<\/li>\n<\/ol>\n<p>Questi pu\u00f2 decidere di non consentire l&#8217;uso di cookie proprietari a scopo pubblicitario tramite il programma Ad Choice. Dovr\u00e0 accedere al proprio conto, selezionare Il mio conto, Profilo, quindi Impostazioni e Preferenze di comunicazione per ulteriori informazioni sul programma. Per informazioni su come non accettare l&#8217;uso di web beacon e cookie pubblicitari di terze parti, fare riferimento alla seguente sezione Reti e scambi pubblicitari.<\/p>\n<p>Se non si desidera accettare tutti gli altri tipi di tecnologie usate nei siti, servizi, applicazioni o altri strumenti, \u00e8 possibile bloccarle, eliminarle o disabilitarle come consentito dal browser o dispositivo usato.<\/p>\n","protected":false},"excerpt":{"rendered":"<p>Cosa sono cookie, web beacon e tecnologie simili? Come la maggior parte dei siti, questo usa file di dati di piccole dimensioni che vengono salvati su computer, tablet o dispositivo mobile (indicati complessivamente come &#8220;dispositivo&#8221;) dell&#8217;utente per registrare determinati dati ogni volta che questi visita o interagisce con siti, servizi, applicazioni, messaggi e altri strumenti. [&hellip;]<\/p>\n","protected":false},"author":1,"featured_media":0,"parent":0,"menu_order":0,"comment_status":"closed","ping_status":"closed","template":"","meta":{"footnotes":""},"class_list":["post-720","page","type-page","status-publish","hentry"],"_links":{"self":[{"href":"http:\/\/www.eleonorabernobich.it\/index.php?rest_route=\/wp\/v2\/pages\/720","targetHints":{"allow":["GET"]}}],"collection":[{"href":"http:\/\/www.eleonorabernobich.it\/index.php?rest_route=\/wp\/v2\/pages"}],"about":[{"href":"http:\/\/www.eleonorabernobich.it\/index.php?rest_route=\/wp\/v2\/types\/page"}],"author":[{"embeddable":true,"href":"http:\/\/www.eleonorabernobich.it\/index.php?rest_route=\/wp\/v2\/users\/1"}],"replies":[{"embeddable":true,"href":"http:\/\/www.eleonorabernobich.it\/index.php?rest_route=%2Fwp%2Fv2%2Fcomments&post=720"}],"version-history":[{"count":2,"href":"http:\/\/www.eleonorabernobich.it\/index.php?rest_route=\/wp\/v2\/pages\/720\/revisions"}],"predecessor-version":[{"id":722,"href":"http:\/\/www.eleonorabernobich.it\/index.php?rest_route=\/wp\/v2\/pages\/720\/revisions\/722"}],"wp:attachment":[{"href":"http:\/\/www.eleonorabernobich.it\/index.php?rest_route=%2Fwp%2Fv2%2Fmedia&parent=720"}],"curies":[{"name":"wp","href":"https:\/\/api.w.org\/{rel}","templated":true}]}}